{"id":24,"date":"2026-04-06T18:34:40","date_gmt":"2026-04-06T18:34:40","guid":{"rendered":"https:\/\/fairsound.uevora.pt\/index.php\/research-team\/"},"modified":"2026-04-06T18:55:29","modified_gmt":"2026-04-06T18:55:29","slug":"research-team","status":"publish","type":"page","link":"https:\/\/fairsound.uevora.pt\/index.php\/research-team\/","title":{"rendered":"Research Team"},"content":{"rendered":"\n<p><strong>Principal Researcher: <\/strong>Pedro Moreira <\/p>\n\n\n\n<p><\/p>\n\n\n\n<p><strong>Research Team<\/strong><\/p>\n\n\n\n<p>Vanda de S\u00e1 (CESEM\/IN2PAST, Universidade de \u00c9vora)<\/p>\n\n\n\n<p>Rodrigo Teodoro de Paula (CESEM\/IN2PAST, Universidade do Minho)<\/p>\n\n\n\n<p>Filipe Mesquita de Oliveira (CESEM\/IN2PAST, Universidade de \u00c9vora)<\/p>\n\n\n\n<p>Maria Zozaya (CIDEHUS, Universidade de \u00c9vora)<\/p>\n\n\n\n<p>Maria Ana Bernardo (CIDEHUS, Universidade de \u00c9vora)<\/p>\n\n\n\n<p>Rui Magno Pinto (CESEM, NOVA\/FCSH)<\/p>\n\n\n\n<p>Ana Margarida Cardoso (CEIS20, Universidade de Coimbra; INET-md, NOVA FCSH)<\/p>\n","protected":false},"excerpt":{"rendered":"<p>Principal Researcher: Pedro Moreira Research Team Vanda de S\u00e1 (CESEM\/IN2PAST, Universidade de \u00c9vora) Rodrigo Teodoro de Paula (CESEM\/IN2PAST, Universidade do Minho) Filipe Mesquita de Oliveira (CESEM\/IN2PAST, Universidade de \u00c9vora) Maria Zozaya (CIDEHUS, Universidade de \u00c9vora) Maria Ana Bernardo (CIDEHUS, Universidade de \u00c9vora) Rui Magno Pinto (CESEM, NOVA\/FCSH) Ana Margarida Cardoso (CEIS20, Universidade de Coimbra; INET-md, [&hellip;]<\/p>\n","protected":false},"author":1,"featured_media":0,"parent":0,"menu_order":0,"comment_status":"closed","ping_status":"closed","template":"","meta":{"footnotes":""},"class_list":["post-24","page","type-page","status-publish","hentry"],"_links":{"self":[{"href":"https:\/\/fairsound.uevora.pt\/index.php\/wp-json\/wp\/v2\/pages\/24","targetHints":{"allow":["GET"]}}],"collection":[{"href":"https:\/\/fairsound.uevora.pt\/index.php\/wp-json\/wp\/v2\/pages"}],"about":[{"href":"https:\/\/fairsound.uevora.pt\/index.php\/wp-json\/wp\/v2\/types\/page"}],"author":[{"embeddable":true,"href":"https:\/\/fairsound.uevora.pt\/index.php\/wp-json\/wp\/v2\/users\/1"}],"replies":[{"embeddable":true,"href":"https:\/\/fairsound.uevora.pt\/index.php\/wp-json\/wp\/v2\/comments?post=24"}],"version-history":[{"count":1,"href":"https:\/\/fairsound.uevora.pt\/index.php\/wp-json\/wp\/v2\/pages\/24\/revisions"}],"predecessor-version":[{"id":32,"href":"https:\/\/fairsound.uevora.pt\/index.php\/wp-json\/wp\/v2\/pages\/24\/revisions\/32"}],"wp:attachment":[{"href":"https:\/\/fairsound.uevora.pt\/index.php\/wp-json\/wp\/v2\/media?parent=24"}],"curies":[{"name":"wp","href":"https:\/\/api.w.org\/{rel}","templated":true}]}}